t o(v) = -v**3 + 7*v**2 - 6*v + 4. Let a be o(6). Suppose -t = -q + 16, 3*q - a*t - 19 = 2*q. What is the tens digit of q?
1
Suppose q - 9 = -2*q. Suppose -18 = 2*k - q*k. What is the tens digit of k?
1
Let a be 1/(9/6)*6. Suppose 66 = a*u - u. What is the units digit of u?
2
Let h(a) = 4*a**2 + 2*a - 18. What is the tens digit of h(5)?
9
Let u be 2/5 + 256/(-40). Let s = -3 - u. Suppose 22 = -w + s*w. What is the tens digit of w?
1
Let w = -15 - -3. Let y be (15/w)/(1/(-4)). Suppose -15 = -y*s - 0. What is the units digit of s?
3
Suppose l - 5 = 3. Suppose 3*o + l = 26. What is the units digit of o?
6
Let i(z) = z + 10. Suppose 18 = -2*m - 0*m. What is the units digit of i(m)?
1
What is the hundreds digit of (-4 + 3)*2 - -200?
1
Let o = -36 - -57. Suppose 0 = -r + 2, -84 = -5*z + r - o. What is the tens digit of z?
1
Let n be (-84)/8 + 2/4. Let i(s) = s**2 + 9*s - 9. Let x be i(n). What is the units digit of (2/6)/(x/3)?
1
Suppose 0 - 32 = -4*d. Let k(t) = t**3 - 7*t**2 - 7*t - 7. Let a be k(d). What is the tens digit of a*(-2 - -4 - -10)?
1
Suppose 6 = 5*w - 19. Suppose 3*r + w*b - 54 = 0, -18 = -r - 4*b + 2*b. Let t = r + -12. What is the units digit of t?
6
Let s(j) = j**3 + 2*j**2 - j + 36. Let f(y) = y**2 + 1. Let n(g) = -2*f(g) + s(g). What is the units digit of n(0)?
4
Let b = 1 - 0. Let l be b/(-5) + (-22)/(-10). Suppose q = -l*p + 25, -7*p - 3*q + 65 = -2*p. What is the units digit of p?
0
Let x = 35 - 22. What is the units digit of x?
3
Let b = 94 + -53. What is the tens digit of b?
4
Let u = 3 - 0. Let y = -1 + u. What is the units digit of -3 - -4 - y/(-1)?
3
Let o = -6 - -13. Let p(m) = -m - 6. Let f be p(-6). Let x = o - f. What is the units digit of x?
7
Suppose 2*l = -2*u + 10 + 34, -2*u + 60 = -2*l. Suppose 0 = 4*r - 2*r - u. What is the units digit of r?
3
Let w = 11 - 9. Suppose g - 12 = -w*g. Suppose 1 = b - g. What is the units digit of b?
5
Let q(p) = -p**3 - 9*p**2 - 6*p + 2. Let d be q(-7). What is the units digit of 40/6 - 18/d?
7
Suppose 5*s - 7*r = -2*r - 10, -5*s + 2*r - 16 = 0. Let f = -1 - s. Suppose f*v + 3*p = p + 2, 4*p = -5*v. What is the units digit of v?
4
Let c be (24/2)/(3 + -4 + 0). Suppose -28 = -4*d - 3*b, b = d - 6 - 8. What is the units digit of (-40)/3*c/d?
6
Let l = 3 + -6. What is the tens digit of 210/9 - l/(-9)?
2
Let y(s) = -3*s - 2. What is the tens digit of y(-4)?
1
Let r(w) = -8*w - 1. Let f(i) be the second derivative of 23*i**3/6 + i**2 - i. Let z(u) = 6*f(u) + 17*r(u). What is the units digit of z(7)?
9
Let d(g) = g**3 + 6*g**2 - 1 + 1 + 4*g + 4. What is the units digit of d(-5)?
9
What is the tens digit of 2 - 8/2 - (-76 - 2)?
7
Let f(p) = p**2 - 9*p + 16. Let j(u) = -u. Let y(a) = f(a) - 4*j(a). What is the tens digit of y(8)?
4
Let b be 4/2 - (1 - 0). Let m be (45/12)/(b/(-4)). Let d = m + 24. What is the units digit of d?
9
Suppose -5*q + 47 = 2*b - 42, 3*q - 47 = -b. What is the units digit of b?
2
Let x = 41 + -13. What is the units digit of x?
8
Let d(c) = -c**3 - 14*c**2 - 4*c - 20. What is the tens digit of d(-14)?
3
Suppose -5*g = 3*l - 48, 2*g = -2*l + 6*g + 32. What is the tens digit of l?
1
Let j = -10 + 6. Let m(f) = -4 - f**2 + 0*f - 4*f + 9. What is the units digit of m(j)?
5
Let s be 8 + -1*(-1)/(-1). Suppose 4*l - 13 = s. What is the units digit of l?
5
Suppose 0 = 3*z - 7*z + 8. Let x(t) = 5*t + 3*t**2 - 4*t**2 + 0 - t**3 - t**z + 2. What is the tens digit of x(-4)?
1
Let b = -12 - -17. Suppose -4*n - b*f - 9 + 116 = 0, 58 = 2*n + 4*f. What is the units digit of n?
3
Let i = -5 + 8. Let z = 68 - 47. Suppose -i*x = -0*x - z. What is the units digit of x?
7
Let s(m) = 4*m + 6 - 3 + m - m. Let n be s(4). Suppose t - 2 = n. What is the tens digit of t?
2
Suppose 4*t = -p - 12, 2*p - 4*t + 2 = 14. Suppose p = 3*j + 2*j - 55. What is the tens digit of j?
1
Suppose -5*h + 8 = -17. Let r(o) = -5 + h + o. What is the units digit of r(6)?
6
Suppose -5*g + 6*n = 10*n - 176, 5*n + 44 = 2*g. What is the tens digit of g?
3
Let c(d) = 3*d - 5. Let z be c(5). Let v = -6 + z. What is the units digit of (-16)/5*(-10)/v?
8
Suppose 0 = -3*a + a + 3*f + 154, 0 = a + 2*f - 77. What is the tens digit of a?
7
Suppose -19 - 376 = -5*t. Let h = t + -53. What is the units digit of h?
6
Suppose -2*x + 81 = x. Let a be 6/(-3 + x/6). Suppose 3*j = -a*t - 5, -5*j + 2*t + 7 = t. What is the units digit of j?
1
Suppose -4*o + 0*o = 0. Suppose 3*a + a = o. Let m = 9 + a. What is the units digit of m?
9
Let n(l) = l**2 - 4*l - 10. Suppose -3*s + 14 = -5*s. Let i = s - -14. What is the units digit of n(i)?
1
Suppose s = g - 1, -1 - 18 = -5*s - g. Let d(y) = 2*y - 14*y**3 - 3*y + 0*y + 3*y**s. What is the units digit of d(-1)?
2
Let g(q) = -2*q**2 - q + 1. Let i be g(1). Let k be ((-3)/(-2) + i)*0. Suppose s - 4*n + 18 = k, -4*s + 3*s + 22 = 4*n. What is the units digit of s?
2
Suppose -5*o - 4*p = -0*p - 57, -5*o + 3*p = -71. Suppose 0 = -4*w + 33 - o. What is the units digit of w?
5
Suppose 0 = -b + 5, 0 = 2*k + 2*k - b + 25. Let s be 14/k + 2/(-10). Let t = s - -5. What is the units digit of t?
2
What is the tens digit of 186/4 + (-3)/(-6)?
4
Let y(f) = -63*f**3 + f + 2. What is the units digit of y(-1)?
4
Let y(b) = b**2 + 121. What is the tens digit of y(0)?
2
Suppose -4*b - 80 = 2*x, 130 = -4*x + 2*b - 4*b. Let n(p) = p + 21. Let u be n(0). What is the units digit of (-1)/((u/x)/7)?
0
Suppose 4*l + 5 = 41. Let p be 18/4*6/l. Suppose 0 = -2*s - p*s + 100. What is the units digit of s?
0
Let i(j) = j**3 - 12*j**2 + 2*j - 21. Let u be i(12). Let p = -7 - -10. Suppose -m = p*t - 31, m - u = -5. What is the units digit of t?
1
Let m(l) = -l + 5. Let c be m(4). Let t(n) = 3*n**2 - n + 1. Let g be t(c). Suppose 0 = 2*w + g*w - 10. What is the units digit of w?
2
Let a(o) be the third derivative of o**5/120 + o**4/6 - o**3/6 + o**2. Let k(t) be the first derivative of a(t). What is the units digit of k(-3)?
1
Let m(j) = j**3 - 6*j**2 - 8*j + 8. Suppose -b + 3*b = 14. Let l be m(b). Let c = 8 + l. What is the units digit of c?
9
Let m = 20 + -28. What is the units digit of m/10 - 992/(-40)?
4
Suppose -5*b + q + 4*q = -230, 2*q = 3*b - 135. What is the units digit of b?
3
Let q(x) = -11*x + 12. What is the hundreds digit of q(-15)?
1
Suppose -2*z + 26 = -4*z. Let x = 21 - 43. Let o = z - x. What is the units digit of o?
9
Let b = 14 + -29. What is the units digit of 8/5*b/(-6)?
4
Let x(u) = -u**2 + 6*u + 4. Let m be x(6). Let j = 7 + -5. Suppose 0 = 5*o - 15, j*s - 6*s + 28 = m*o. What is the units digit of s?
4
Let m be (-8)/10*25/5. Let w = 1 - m. What is the units digit of w?
5
Suppose -c = 5*k - 17, -2*k + 3*k = 5*c - 7. Let y(p) = -4 + 0 - 2*p - 2 + 6*p**c - p**3. What is the units digit of y(5)?
9
Let k(r) = -r**2 + 7*r - 9. Let g be k(4). What is the tens digit of g/15 - 297/(-15)?
2
Let v be (0 + 2)/2 + -1. Suppose v = 5*r - 86 - 34. Suppose 3*o - 6*o = -4*m + r, 4*o + 2 = 2*m. What is the units digit of m?
9
Suppose -l = 2*b + 3*b - 24, -5*l = 3*b - 32. What is the units digit of b?
4
Suppose -m = -32 - 100. What is the hundreds digit of m?
1
Suppose -z - z = -110. What is the tens digit of z?
5
Let z be ((-36)/(-16))/(-3)*-24. What is the units digit of (-6)/(-15) - z/(-5)?
4
Let k be -1*(29 - 2)/(-3). What is the units digit of k - -4*(-1)/2?
7
Let q(m) = -4*m**2 + 7*m + 5. Let v be q(-4). Let x = -58 - v. What is the tens digit of x?
2
What is the tens digit of -4 + (-9)/((-36)/88)?
1
Let z = -20 - -34. Let c = 38 - z. What is the units digit of c?
4
Let i(u) = 3*u - 1. Let j be i(1). Let r be j/(-6) - (-5)/15. Suppose r = -5*g - 0*g + 5. What is the units digit of g?
1
Suppose -4*f + 46 + 34 = 0. Let s = -6 + f. What is the units digit of s?
4
Let u(g) = -3*g**2 - 7*g + 10. Let y(o) = o**2 + 2*o - 3. Let l(c) = 4*u(c) + 14*y(c). What is the units digit of l(-3)?
6
What is the units digit of (-962)/(-39) - 2/3?
4
Let u be 1 - (-1 - 0)*-5. Let a = u - -7. Suppose -5*g + a + 17 = 0. What is the units digit of g?
4
Let l(n) = -2*n**3 - n**2. Let i be l(-1). What is the units digit of 1/i*-1*-13?
3
Suppose 6 = -4*p - 2*k - 8, -p - 4*k + 7 = 0. Let f(c) = -c - 3. Let q be f(p). Suppose a - 8 = -4*o, -2*o - 3*o = -q*a - 10. What is the units digit of o?
2
Let d(y) = -y**3 - 6*y**2 - 2*y - 8. Let w b